er when 2040 is divided by t(-12).
10
Suppose 0 = -3*x + a + 266, 5*x - 2*x - 5*a = 286. Suppose 2*o = o + x. What is the remainder when o is divided by (-54)/(-513)*323 + -5*(-1 - 1)?
43
Let n be 3 - (129/(-9) + 16/48). Calculate the remainder when (3/(-9))/(n/(-11832)) is divided by 47.
44
Suppose 40*b - 12*b = -17*b + 3015. Calculate the remainder when 4619 is divided by b.
63
Let d = -44 + 100. Let s = 415 + -419. What is the remainder when 264/36*((-55)/(-5) - s) is divided by d?
54
Let r(u) = -2*u**2 - 2073*u + 16731. Let a be (0 - -2)/(2/(-18)). Let k = -8 - a. What is the remainder when r(8) is divided by k?
9
Let r = -31 + 35. Suppose -k = -3*x + 5, 3*k + 4*x - 9 = r*k. Let j = 21 + 2. Calculate the remainder when j is divided by k.
2
Suppose -2*p = 2*o - 92, -p = -17 + 21. What is the remainder when (-1164)/(-10) - 20/o is divided by 59?
57
Let q be 7 + -5 + -1 - -1. Calculate the remainder when 54 is divided by -9 + 4 - (-19 - -2 - q).
12
Let v be (4/3)/1*(-3 + 6). What is the remainder when ((129 - -6) + v)*1 is divided by 20?
19
Suppose 3*f + 647*q = 652*q + 331, -4*f + 388 = 4*q. Calculate the remainder when f is divided by 85.
17
Let v(f) = -86*f - 3100. Calculate the remainder when 620 is divided by v(-38).
116
Let p = -15701 - -16356. What is the remainder when p is divided by 299?
57
Calculate the remainder when (4/6)/(7/210*-4) - -467 is divided by 112.
14
Let o = -3340 - -10411. Calculate the remainder when o is divided by 54.
51
Let x(z) = -311*z - 1326. What is the remainder when x(-5) is divided by 124?
105
Let i(n) = -n**2 + 8*n + 3. Suppose 3*t = -3*g + 24, -5*t - 13 = -2*g - 60. What is the remainder when i(6) is divided by t?
6
Suppose 1177 = 11*b + 88. Let g = 146 - b. Calculate the remainder when g is divided by 17.
13
Calculate the remainder when 2130 is divided by (-14 + -6 + 9)*(1 + -2).
7
Let y = 1493 - -5099. What is the remainder when y is divided by 30?
22
Suppose -149240 = -1230*c + 1048*c. Calculate the remainder when 837 is divided by c.
17
Suppose -i - 4 = 0, c + 4*i - 62 = -1. Suppose -2*f - m - m = -62, 0 = -2*f + 3*m + c. Calculate the remainder when f is divided by -9*(-33)/(-198)*(-6)/1.
7
Let w(l) = 24*l + 71. Let n be w(-5). Calculate the remainder when (-7)/n - (-606)/21 is divided by 0 + -1*(1 - 6).
4
Suppose -798 = -67*n + 10*n. Let g(b) = 4*b**2 - 5*b - 10. What is the remainder when g(-11) is divided by n?
11
Let u(w) = 9*w - 10. Let l = 16 - 11. Suppose -v + 2 = -3*v - 2*y, l*v - 10 = -2*y. What is the remainder when 75 is divided by u(v)?
23
Suppose 3 = 7*n + 3. Let s(f) be the second derivative of -f**5/20 + f**4/12 + 87*f**2/2 + 5*f. What is the remainder when s(n) is divided by 22?
21
Let f(c) = -3*c**2 + 10 + c - 6 - 12*c**3 - 4*c**3. Calculate the remainder when f(-2) is divided by 24.
22
Suppose 16487 = 32*h - 7*h - 1588. What is the remainder when h is divided by 13?
8
Let u be 2 + -7 - (-636)/(-3). Let i = u - -257. Calculate the remainder when i is divided by 7.
5
Let i(r) = -19*r + 344. What is the remainder when i(9) is divided by 74?
25
Calculate the remainder when -110*((-28)/(-14) + 1*(-14)/4) is divided by 31.
10
Let a = 69 + -55. Let q(h) = -h**2 - 16*h - 39. Let p be q(-12). Suppose -p*i = 25 - 385. Calculate the remainder when i is divided by a.
12
Suppose 438 = 5*j + 4*f, 707*f = -3*j + 712*f + 211. What is the remainder when (1/2)/((-4)/(-1224)) is divided by j?
71
Suppose -9*j - 124 = -10*j - x, -5*j + 608 = -x. Calculate the remainder when 4268 is divided by j.
120
Let j = -10647 - -11256. Calculate the remainder when j is divided by 66.
15
Suppose 187*h = 212*h - 57175. What is the remainder when h is divided by 51?
43
Let h be (1/5 + -1)*1845/(-18). Let g = h - 81. Let x(u) = 46*u**3 + u. What is the remainder when x(g) is divided by 6?
5
Let a(l) = -15*l - 1. Let i = -2952 - -3120. Calculate the remainder when i is divided by a(-3).
36
Let f = 7724 - 7686. Calculate the remainder when 661 is divided by f.
15
Suppose 11*d = -59 - 1305. Suppose -4*l = -2*l + 210. Let i = l - d. What is the remainder when 71 is divided by i?
14
What is the remainder when 8120 is divided by 10 - (-79)/(-8) - (64821/8)/(-3)?
17
Suppose 2*v = -5*n + 1656, 2*v - 215*n + 218*n - 1656 = 0. Calculate the remainder when v is divided by 83.
81
Let s be 2*(-5)/(-20)*-128. Let x = s + 184. Suppose 96 = v + 5*f, 184 = 4*v + 4*f - x. What is the remainder when v is divided by 19?
14
Let j(l) = 3*l**3 - 33*l**2 + 99*l - 7. What is the remainder when 655 is divided by j(6)?
44
Suppose 3*c - 187 = -58. Suppose -3*g = 4*j - 480 + 89, j = -g + 129. Calculate the remainder when g is divided by c.
39
What is the remainder when ((-2)/2)/((-617)/744719) is divided by 110?
107
Suppose 4*d = l + 478 + 50, 0 = d - l - 132. Let m = -1708 - -1735. What is the remainder when d is divided by m?
24
Let y(o) = -o**3 - 15*o**2 + 12*o - 71. Let f be y(-16). Calculate the remainder when 251 is divided by -3 - (f/(-14) + 159/(-6)).
21
Let u(p) = -2*p. Let v(y) = 3*y - 18. Let l(x) = -6*u(x) - v(x). Calculate the remainder when -1 - (-7 + -1 + -3) is divided by l(-1).
1
Let a = -7960 + 8132. What is the remainder when a is divided by 140?
32
Let g = 267 + -169. Suppose -o + q = -g, -5*o + 461 = -2*q - 38. Suppose 3*w - 3*k = k + 134, 5*k + o = 2*w. What is the remainder when w is divided by 10?
8
What is the remainder when 687 is divided by 5 - (-23)/((-23)/(-202))?
66
Suppose 0 = g - 5*m - 3 - 2, 5*g - 4*m = 109. Let t be (-11)/33 + (2 - 28/6). Let p(d) = -11*d - 23. Calculate the remainder when g is divided by p(t).
5
Suppose 6*g = -23 + 141 + 38. What is the remainder when 501 is divided by g?
7
Suppose 427 + 423 = -10*n. Let c = 63 - 39. Calculate the remainder when ((-64)/80)/(1/n) is divided by c.
20
Suppose 9690 = -15*d + 19081 + 15749. What is the remainder when d is divided by 84?
80
Let n = 1237 - 1158. What is the remainder when 692 is divided by n?
60
Suppose -16*t + 4290 = 770. Suppose -t = -3*v - 100. Calculate the remainder when v is divided by 9.
4
What is the remainder when (25 + -27)/(4/(-222)) is divided by 35?
6
Let r = -206 - -482. Suppose -5*a = -5*m - 620, 5*m - r = -2*a - 0*a. Let l(u) = 4*u**3 + 3*u**2 + 47*u - 94. What is the remainder when a is divided by l(2)?
40
Suppose 4*w = i - 143, 4*w - 135 = -2*i + i. Suppose 0*q - 3*m - 30 = -3*q, 20 = -4*m. Let j = q - -5. Calculate the remainder when i is divided by j.
9
Let o = 576 + -521. What is the remainder when 400 is divided by o?
15
Suppose 2*f = -3*o + 132, 2*o - 5 = 3*f + 70. Suppose -2*l + 129 = -31. Calculate the remainder when l is divided by o.
38
Let h(i) = -45*i**2 + 238*i - 7. Calculate the remainder when 2317 is divided by h(5).
55
Suppose 59*m + 44*m = 5047. What is the remainder when 261 is divided by m?
16
Suppose 0 = -j + 2*j - 6. Suppose -j - 1 = -h. Suppose -5*g - 2*s = -77, -5*s = -7*g + 6*g + 37. What is the remainder when g is divided by h?
3
Suppose -4*g = -37*g + 14322. Let i = -401 + g. What is the remainder when 91 is divided by i?
25
Suppose 0 = -2*u - 236 - 36. Let n be 5/(-50)*u*-5. Let d = n - -81. Calculate the remainder when 77 is divided by d.
12
Let k(d) = -44*d + 1260. Calculate the remainder when 390 is divided by k(28).
26
Let b = 92 - 71. Suppose 3542 = 5*z + j, 2*z + 715 = 3*z - 2*j. Suppose 10*f - 81 - z = 0. Calculate the remainder when f is divided by b.
16
Suppose -2*x - 56*g + 55*g = -787, 4*g = -5*x + 1963. Calculate the remainder when 878 is divided by x.
88
Suppose 0 = -17*d + 294787 + 23436. Calculate the remainder when d is divided by 240.
239
Suppose 24318 = 185*l - 13052. What is the remainder when 565 is divided by l?
161
Let o(h) = -h**3 + 12*h**2 + 8*h - 36. Let g be o(15). Let u = -533 - g. What is the remainder when 284 is divided by u?
52
Let p(v) = 2*v**2 - 9*v - 8. Let k be p(8). Suppose -4*c + y = -32, -3*y + k = 4*c - 0*y. What is the remainder when 16 is divided by c?
7
Suppose 13*n - 278 + 86 = 7*n. Calculate the remainder when 64 is divided by n.
0
Let p(v) = 213*v - 19. Let h be p(4). Suppose 27*n = 20*n + h. Calculate the remainder when n is divided by 27.
11
Let v(q) = -17*q + 1 - 16*q + 47*q - 7*q**3 - 15*q. Let l(g) = -g**2 + 9*g + 8. Let d be l(10). Calculate the remainder